s = 3*x - 48. What is the units digit of x?
7
Suppose -5*p + 5*y = -610, -3*p + 2*y + 384 = 5*y. Suppose p = 4*i + 3*h - 47, 2*i = -4*h + 76. What is the tens digit of i?
4
Let n = 17 + -11. Let y = n - 3. Suppose -30 = -3*p + y. What is the units digit of p?
1
Let k(q) = 216*q - 120. What is the tens digit of k(5)?
6
Let w be (-2)/8 - 34/(-8). Suppose -w*t = -2*t - 22. Suppose j = 5*d - 3*j + 1, -2*j = d - t. What is the units digit of d?
3
Suppose 8*h = -2*b + 5*h - 116, -3*h = b + 55. Let c = -53 - b. What is the units digit of c?
8
Suppose 0 = -50*r + 53*r + 9, r = 2*j - 7695. What is the thousands digit of j?
3
Let u be (-16)/(-3) + (-1)/3. Suppose o - u*c - 143 = 3*o, -o = c + 70. Let y = o + 106. What is the units digit of y?
7
Suppose 7*c - 4690 + 203 = 0. What is the units digit of c?
1
Suppose o = -o - 2, -4*g = -2*o - 10. Suppose -5*f + 2*z = -1114, g*z = -3*f - 3*z + 687. What is the tens digit of f?
2
Let x(p) = -22*p**2 - 2*p. Let u(v) = -44*v**2 - 3*v. Let b = -1 - -6. Let g(z) = b*x(z) - 3*u(z). What is the units digit of g(-1)?
3
Suppose 3*h - 1 = -2*s, 41 = 5*s - 2*h + 10. Suppose 6 + 14 = s*d. Let z(r) = 11*r + 9. What is the units digit of z(d)?
3
Let t be 2*(5 + -4) + 93/1. Let d = 172 - t. What is the tens digit of d?
7
Let v = 14 - 5. Suppose 8*t - 5 = v*t. What is the units digit of (88/t)/(6/(-15))?
4
Let w(r) = r**2 - 15*r + 6. Let s be w(15). What is the units digit of (3*26)/(9/s)?
2
Suppose -5*v = -4*v - 4, 4*n = -v + 432. What is the hundreds digit of n?
1
Suppose -3*w + 5*y + 158 = 0, y = 2*w - 3*w + 66. Suppose 0 = -2*k + w + 71. What is the tens digit of (-262)/(-11) - (-12)/k?
2
Let p = -427 + 432. Let w = -5 + 8. Suppose 5*u = w*h + 7, 2*h - p = -5*u + 7*h. What is the units digit of u?
2
Suppose -418 = -n - 3*c + 7*c, 5*n = -4*c + 2210. What is the hundreds digit of n?
4
Suppose 0 = -3*u - 2*t + 695, 5*u + 3*t - 630 - 529 = 0. What is the hundreds digit of u?
2
What is the thousands digit of ((235260/21)/(-15))/((-2)/14)?
5
Let g be (-5)/(-2) - 3/6. Let n be -4 + 4 - (g + -14). What is the tens digit of (-8)/n - 123/(-9)?
1
Let d(c) = c**3 + 9*c**2 - c - 12. Let o(k) = -k**3 - 9*k**2 + k + 13. Let i(f) = 4*d(f) + 3*o(f). What is the tens digit of i(-7)?
9
Let w = -39 + 25. Let q(v) = v**2 + 15*v + 8. Let f be q(w). What is the tens digit of (57/2)/(f/(-8))?
3
Suppose 0 = -p + 5*x - 121, -4*p - 455 - 80 = -3*x. Let j be (18/8)/(17/p). What is the tens digit of (-484)/j - 3/(-27)?
2
Let x(l) = 3*l - 15. Let i be x(6). Suppose -y = 2*h - 91, 7*h - 185 = i*h + y. Suppose -5*g = -a + h, g + 4 = -g. What is the units digit of a?
6
Let k be (-3)/(-2) + 3/2. Suppose k*q - 97 = 23. Suppose q = 4*u - 12. What is the tens digit of u?
1
Suppose 3*s + 9 = 0, -2*y - 4*s = 2*y - 196. Suppose 4*h - c + 5*c = y, -3*h + 11 = -4*c. Let j(b) = -b**3 + 10*b**2 - 8*b - 2. What is the units digit of j(h)?
7
Let q be 3 + -6 + 10/(0 + 2). What is the units digit of 6/2*((11 - q) + 0)?
7
Let f be 4/(-20) - 26/(-5). Suppose 44 = f*d - 61. What is the tens digit of d?
2
Let v(w) = -w**2 - 1. Let g(h) = h**3 - 20*h**2 + 7*h + 19. Let f(c) = -g(c) + 3*v(c). What is the tens digit of f(16)?
2
Let p(m) = m**2 - 2*m - 1. Let k be p(-5). Suppose -k = -3*t - 31. Suppose 81 = -z + 3*z - 3*b, 0 = b - t. What is the units digit of z?
2
Let f = 12 - 20. Suppose 2*o + 5*t + 6 = 0, 5*o + 1 = -t - 14. What is the units digit of (-402)/o*(-4)/f?
7
Suppose 0 = -11*i + 12*i - 2, i - 12 = -5*y. Let n be 1/(((-2)/37)/(-2)). Suppose 31 = y*r - n. What is the units digit of r?
4
What is the units digit of 12 + -18 - 7*-149?
7
Suppose -4*h + 18 + 4 = b, -4*h + 18 = 3*b. Let f(g) = g**2 - 7*g + 9. Let u be f(h). Suppose 4 + 44 = u*q. What is the units digit of q?
6
What is the units digit of 4 + (-50)/15 - (-11135)/15?
3
Let z = 6440 + -3673. What is the tens digit of z?
6
Let g = 124 + -116. Let a(j) = -j**3 + 12*j**2 - 7*j - 1. What is the units digit of a(g)?
9
Let k(p) = 2*p + 25. Let r be k(-11). Suppose r*y - 581 = -197. What is the units digit of y?
8
Let c(f) = 209*f - 34. What is the hundreds digit of c(18)?
7
Suppose 3802 = 9*u - 2939. What is the tens digit of u?
4
Suppose 0*u - 4*u + 900 = 0. Let r be 50/13 + 2/13. Suppose 0 = r*l - l - 15, 5*z - u = l. What is the tens digit of z?
4
Let h(m) = -11*m - 1. Suppose 0 = 4*x + t - 24, -2*x + t = -0*t - 12. Suppose 7*z = x*z - 6. What is the units digit of h(z)?
5
Let h be (5 + -5)/((-4)/(-2)). Suppose 4*d - 3*a + 0*a - 85 = h, -5*a - 72 = -3*d. Suppose 0*y = -y + u + d, 4*u = -3*y + 29. What is the units digit of y?
5
Let k = 13 - 84. Let y = k - -143. What is the tens digit of y?
7
Let i(j) = 29*j**2 - 2*j + 4. What is the tens digit of i(2)?
1
Suppose -40*c = -4*c - 5220. What is the hundreds digit of c?
1
Let i be 80/14 + 2/7. Suppose 6 = -3*d + i*d. Suppose c = -d*c + 3*v + 153, -3*c + 148 = -2*v. What is the units digit of c?
6
Let l(b) = 24*b**2 + 2*b - 19. What is the hundreds digit of l(5)?
5
Let h be ((-2)/4)/(18/(-5940)). Suppose -3*l + h - 54 = 0. What is the units digit of l?
7
What is the hundreds digit of 6/4*(-2270)/(-15)?
2
Suppose -28*a + 11*a = -9214. What is the units digit of a?
2
Suppose 5*d = 2359 + 5986. What is the units digit of d?
9
Let x = 74 + 238. What is the tens digit of x?
1
Let l(v) = 15*v + 158. What is the units digit of l(30)?
8
Let f(c) = -11*c + 5. Let w be f(1). What is the tens digit of (1 + -6)*((-564)/30 - w)?
6
Suppose 2*z = -5*k + 7*z + 720, 0 = -k - 4*z + 149. What is the tens digit of k?
4
Let h be 40/(-14)*77/(-22). Suppose 0 = 5*t + h, 0 = 2*d - 2*t + 7*t - 134. Suppose 4*p = -2*a + 50, -5*p + d = -3*a + 26. What is the tens digit of p?
1
Suppose 23*g - 26374 = 16498. What is the units digit of g?
4
Let m = -1151 + 1717. What is the tens digit of m?
6
Let x(u) = u**3 + 7*u**2 - 4*u + 19. Let i be x(-8). Let r = 30 - i. What is the units digit of r?
3
Let i = 732 + -517. What is the units digit of i - 58 - 2/(2*-1)?
8
Suppose 117 - 54 = -q. Let i = 72 + q. What is the units digit of i?
9
Let q(l) = 53*l - 15*l - 22*l - 21. What is the units digit of q(3)?
7
Let q(g) = -5 + 11*g - 3*g**2 + 13 + g**2 + g**2. What is the tens digit of q(7)?
3
Let z(i) = 115*i + 576. What is the thousands digit of z(8)?
1
Let r(f) = -981*f**3 + 7*f + 8. What is the hundreds digit of r(-1)?
9
Suppose -h = -2*h - 40. What is the tens digit of 93/((-5)/(h/12))?
6
Suppose 18 = 2*u - 5*p, p = -2*u + 2*p + 18. Let i = 85 + -79. What is the tens digit of i + -2 + u/1?
1
Let s(r) = 485*r + 3. What is the hundreds digit of s(1)?
4
Suppose 36*i + 24406 = 86398. What is the units digit of i?
2
What is the tens digit of 68/((-1)/(-2 + -4))?
0
Let f(g) = 13*g**3 - 28*g**2 + 23*g - 31. What is the units digit of f(8)?
7
Let f(t) = -25. Let c(g) = -g. Let w(x) = 2*c(x) - f(x). Let v be 6/(-54) - 2/(-18). What is the tens digit of w(v)?
2
Let n(v) = -v + 11. Let z be n(7). Suppose 9*r - z*r = 0. Suppose -4*m + r*m - 5*l + 9 = 0, -m - l + 3 = 0. What is the units digit of m?
6
What is the hundreds digit of (9197/187 - 2/11)*27?
3
Let m(p) = -2*p**3 + 3*p**2 + 3*p - 4. Let l be m(-3). Let r = l + -41. What is the tens digit of r?
2
Suppose -2*x + 0*x = 0. Suppose x = 2*f + 3*z - 141, -5*z - 97 = -f - 20. What is the tens digit of f?
7
Suppose 63*y + 12483 = 82*y. What is the units digit of y?
7
Suppose -5*o = 5*w - 8150, -63*o - 3262 = -65*o - 4*w. What is the units digit of o?
9
Let b(a) be the first derivative of -67/4*a**4 + 1/2*a**2 - 2 + 0*a**3 + 2*a. What is the tens digit of b(-1)?
6
Let z(l) = 3*l**2 - 16*l - 30. What is the thousands digit of z(39)?
3
Let c be (0 + 3)/((-18)/(-6)). Let m be 2 + -68 - (c + 0). Let q = 126 + m. What is the units digit of q?
9
Suppose -4*d + 4 = 0, -4*d - 3 + 7 = 5*l. Suppose l = -4*c - 26 + 150. What is the tens digit of c?
3
Let q = 215 + -119. What is the units digit of q?
6
Let f = -34 + 37. Suppose f*a + 61 = 4*a. What is the tens digit of a?
6
Suppose -y + 2*y = -3. Let s(f) = -4*f - 5 - 6 - f**2 + 14 - 2. What is the units digit of s(y)?
4
Suppose 0 = -4*f + 6*f - t - 1749, -2*f - t + 1755 = 0. What is the units digit of f?
6
Let i(r) = -3*r + 98. Let n be i(29). Suppose 4*q - 80 = -4*u + 172, q = 4*u - 227. Let f = u - n. What is the units 